{"id":4867,"date":"2026-02-20T13:36:11","date_gmt":"2026-02-20T13:36:11","guid":{"rendered":"https:\/\/lopezinmobiliaria.com\/?post_type=product&#038;p=4867"},"modified":"2026-02-20T13:36:11","modified_gmt":"2026-02-20T13:36:11","slug":"vendo-casacabana-en-b-cerro-de-la-cruz-ascochinga","status":"publish","type":"product","link":"https:\/\/lopezinmobiliaria.com\/index.php\/producto\/vendo-casacabana-en-b-cerro-de-la-cruz-ascochinga\/","title":{"rendered":"Vendo casa+caba\u00f1a en B\u00b0 Cerro de la Cruz| Ascochinga"},"content":{"rendered":"<p>Oportunidad de inversi\u00f3n en Ascochinga \u2013 Complejo de casa + caba\u00f1as<br \/>\nSi so\u00f1\u00e1s con vivir en las sierras o generar ingresos con turismo, esta propiedad lo tiene TODO.<br \/>\nNaturaleza, espacio y m\u00faltiples construcciones listas para aprovechar.<\/p>\n<p>Ubicado en Barrio Cerro de La Cruz, el complejo se desarrolla en dos lotes con gran superficie y vistas abiertas.<\/p>\n<p>\ud83c\udfe1 Casa principal + quincho + pileta<br \/>\nSobre un lote de 3.179 m\u00b2 con 569 m\u00b2 cubiertos, encontramos:<br \/>\n\u2728 Galer\u00eda amplia y vidriada<br \/>\n\u2728 Cocina, comedor y lavadero<br \/>\n\u2728 Garaje con capacidad para dos autos<br \/>\n\u2728 4 dormitorios de los cuales:<br \/>\n1 en suite con ba\u00f1o, hogar y vestidor<br \/>\n1 habitaci\u00f3n con ba\u00f1o<br \/>\n2 habitaciones simples<br \/>\n\u2728 Otro ba\u00f1o completo + anteba\u00f1o<br \/>\n\u2728 Patio interno<br \/>\n\u2728 Quincho grande con ba\u00f1o<br \/>\n\u2728 Departamento independiente (1 habitaci\u00f3n + cocina comedor + ba\u00f1o)<br \/>\n\u2728 Pileta amplia<br \/>\nIdeal para vivienda familiar grande, eventos o alojamiento tur\u00edstico.<\/p>\n<p>\ud83e\udeb5 Lote con caba\u00f1as<br \/>\nEn el segundo lote de 2.796 m\u00b2 se ubican:<br \/>\n\ud83c\udf04 2 caba\u00f1as de madera de tronco (24 m\u00b2 cada una)<br \/>\nCada una cuenta con cocina comedor, ba\u00f1o, dormitorio, balc\u00f3n y hermosa vista a las sierras.<br \/>\nPerfectas para alquiler temporario o hu\u00e9spedes.<\/p>\n<p>\ud83d\udcb0 Precios:<br \/>\n* Casa principal + pileta + quincho: USD 260.000<br \/>\n* Lote con caba\u00f1as: USD 73.000<\/p>\n<p>\ud83d\udd25 Todo el complejo: USD 300.000<\/p>\n<p>Una propiedad con enorme potencial: vivir, emprender o invertir\u2026 todo en un solo lugar.<\/p>\n<p>\ud83d\udcf2 Consultanos para m\u00e1s info o coordinar visita.<\/p>\n","protected":false},"excerpt":{"rendered":"<p>Oportunidad de inversi\u00f3n en Ascochinga \u2013 Complejo de casa + caba\u00f1as Si so\u00f1\u00e1s con vivir en las sierras o generar ingresos con turismo, esta propiedad lo tiene TODO. Naturaleza, espacio y m\u00faltiples construcciones listas para aprovechar. Ubicado en Barrio Cerro de La Cruz, el complejo se desarrolla en dos lotes con gran superficie y vistas [&hellip;]<\/p>\n","protected":false},"featured_media":4869,"comment_status":"open","ping_status":"closed","template":"","meta":{"_et_pb_use_builder":"","_et_pb_old_content":"","_et_gb_content_width":""},"product_brand":[],"product_cat":[20],"product_tag":[],"class_list":{"0":"post-4867","1":"product","2":"type-product","3":"status-publish","4":"has-post-thumbnail","6":"product_cat-casas","8":"first","9":"instock","10":"shipping-taxable","11":"purchasable","12":"product-type-simple"},"_links":{"self":[{"href":"https:\/\/lopezinmobiliaria.com\/index.php\/wp-json\/wp\/v2\/product\/4867","targetHints":{"allow":["GET"]}}],"collection":[{"href":"https:\/\/lopezinmobiliaria.com\/index.php\/wp-json\/wp\/v2\/product"}],"about":[{"href":"https:\/\/lopezinmobiliaria.com\/index.php\/wp-json\/wp\/v2\/types\/product"}],"replies":[{"embeddable":true,"href":"https:\/\/lopezinmobiliaria.com\/index.php\/wp-json\/wp\/v2\/comments?post=4867"}],"wp:featuredmedia":[{"embeddable":true,"href":"https:\/\/lopezinmobiliaria.com\/index.php\/wp-json\/wp\/v2\/media\/4869"}],"wp:attachment":[{"href":"https:\/\/lopezinmobiliaria.com\/index.php\/wp-json\/wp\/v2\/media?parent=4867"}],"wp:term":[{"taxonomy":"product_brand","embeddable":true,"href":"https:\/\/lopezinmobiliaria.com\/index.php\/wp-json\/wp\/v2\/product_brand?post=4867"},{"taxonomy":"product_cat","embeddable":true,"href":"https:\/\/lopezinmobiliaria.com\/index.php\/wp-json\/wp\/v2\/product_cat?post=4867"},{"taxonomy":"product_tag","embeddable":true,"href":"https:\/\/lopezinmobiliaria.com\/index.php\/wp-json\/wp\/v2\/product_tag?post=4867"}],"curies":[{"name":"wp","href":"https:\/\/api.w.org\/{rel}","templated":true}]}}