{"id":4838,"date":"2026-02-05T14:58:15","date_gmt":"2026-02-05T14:58:15","guid":{"rendered":"https:\/\/lopezinmobiliaria.com\/?post_type=product&#038;p=4838"},"modified":"2026-02-10T12:55:57","modified_gmt":"2026-02-10T12:55:57","slug":"vendo-lote-en-villa-animi-a-150-mts-de-la-ruta-e-53","status":"publish","type":"product","link":"https:\/\/lopezinmobiliaria.com\/index.php\/producto\/vendo-lote-en-villa-animi-a-150-mts-de-la-ruta-e-53\/","title":{"rendered":"Vendo lote en Villa Animi | calle El Manzano a 150 m de la E-53"},"content":{"rendered":"<div>Una oportunidad \u00fanica para construir tu pr\u00f3ximo proyecto en un entorno natural y s\u00faper accesible.<\/div>\n<div><\/div>\n<div>-Medidas totales: 840 m\u00b2<\/div>\n<div>* Frente: 24 m<\/div>\n<div>* Fondo: 35 m<\/div>\n<div><\/div>\n<div>-A solo 150 metros de la Ruta E53<\/div>\n<div>-Terreno arbolado con especies aut\u00f3ctonas<\/div>\n<div>&#8211; Limpio en toda su superficie<\/div>\n<div>-Listo para escriturar<\/div>\n<div>-USD 24.000<\/div>\n<div><\/div>\n<div>Si busc\u00e1s un lugar tranquilo, con excelente acceso y rodeado de naturaleza\u2026 \u00a1este lote es para vos!<\/div>\n<div><\/div>\n<div>Consultanos para coordinar visita o recibir m\u00e1s info. 3525646307<\/div>\n","protected":false},"excerpt":{"rendered":"<p>Una oportunidad \u00fanica para construir tu pr\u00f3ximo proyecto en un entorno natural y s\u00faper accesible. -Medidas totales: 840 m\u00b2 * Frente: 24 m * Fondo: 35 m -A solo 150 metros de la Ruta E53 -Terreno arbolado con especies aut\u00f3ctonas &#8211; Limpio en toda su superficie -Listo para escriturar -USD 24.000 Si busc\u00e1s un lugar [&hellip;]<\/p>\n","protected":false},"featured_media":4840,"comment_status":"open","ping_status":"closed","template":"","meta":{"_et_pb_use_builder":"","_et_pb_old_content":"","_et_gb_content_width":""},"product_brand":[],"product_cat":[21],"product_tag":[],"class_list":{"0":"post-4838","1":"product","2":"type-product","3":"status-publish","4":"has-post-thumbnail","6":"product_cat-lotes","8":"first","9":"instock","10":"shipping-taxable","11":"purchasable","12":"product-type-simple"},"_links":{"self":[{"href":"https:\/\/lopezinmobiliaria.com\/index.php\/wp-json\/wp\/v2\/product\/4838","targetHints":{"allow":["GET"]}}],"collection":[{"href":"https:\/\/lopezinmobiliaria.com\/index.php\/wp-json\/wp\/v2\/product"}],"about":[{"href":"https:\/\/lopezinmobiliaria.com\/index.php\/wp-json\/wp\/v2\/types\/product"}],"replies":[{"embeddable":true,"href":"https:\/\/lopezinmobiliaria.com\/index.php\/wp-json\/wp\/v2\/comments?post=4838"}],"wp:featuredmedia":[{"embeddable":true,"href":"https:\/\/lopezinmobiliaria.com\/index.php\/wp-json\/wp\/v2\/media\/4840"}],"wp:attachment":[{"href":"https:\/\/lopezinmobiliaria.com\/index.php\/wp-json\/wp\/v2\/media?parent=4838"}],"wp:term":[{"taxonomy":"product_brand","embeddable":true,"href":"https:\/\/lopezinmobiliaria.com\/index.php\/wp-json\/wp\/v2\/product_brand?post=4838"},{"taxonomy":"product_cat","embeddable":true,"href":"https:\/\/lopezinmobiliaria.com\/index.php\/wp-json\/wp\/v2\/product_cat?post=4838"},{"taxonomy":"product_tag","embeddable":true,"href":"https:\/\/lopezinmobiliaria.com\/index.php\/wp-json\/wp\/v2\/product_tag?post=4838"}],"curies":[{"name":"wp","href":"https:\/\/api.w.org\/{rel}","templated":true}]}}