{"id":4827,"date":"2026-02-05T14:41:06","date_gmt":"2026-02-05T14:41:06","guid":{"rendered":"https:\/\/lopezinmobiliaria.com\/?post_type=product&#038;p=4827"},"modified":"2026-02-05T14:41:06","modified_gmt":"2026-02-05T14:41:06","slug":"vendo-casa-en-la-granja-calle-el-cedron","status":"publish","type":"product","link":"https:\/\/lopezinmobiliaria.com\/index.php\/producto\/vendo-casa-en-la-granja-calle-el-cedron\/","title":{"rendered":"Vendo casa en La Granja | calle El Cedr\u00f3n"},"content":{"rendered":"<div>-Ubicaci\u00f3n: sobre calle El Cedr\u00f3n, a 900 mts de la ruta E-53<\/div>\n<div>-Superficie: 873 m\u00b2, lote plano, limpio y alambrado en todo su per\u00edmetro<\/div>\n<div>-Papeles: escritura perfecta y proyecto de edificaci\u00f3n listo<\/div>\n<div>-Recibe veh\u00edculo como parte de pago<\/div>\n<div>-Precio: USD 28.000<\/div>\n<div><\/div>\n<div>Ideal para quienes buscan invertir o construir en un entorno tranquilo, rodeado de naturaleza y con excelente acceso a la ruta.<\/div>\n<div>Consultanos para coordinar una visita o pedir m\u00e1s info. 3525646307<\/div>\n<div><\/div>\n","protected":false},"excerpt":{"rendered":"<p>-Ubicaci\u00f3n: sobre calle El Cedr\u00f3n, a 900 mts de la ruta E-53 -Superficie: 873 m\u00b2, lote plano, limpio y alambrado en todo su per\u00edmetro -Papeles: escritura perfecta y proyecto de edificaci\u00f3n listo -Recibe veh\u00edculo como parte de pago -Precio: USD 28.000 Ideal para quienes buscan invertir o construir en un entorno tranquilo, rodeado de naturaleza [&hellip;]<\/p>\n","protected":false},"featured_media":4829,"comment_status":"open","ping_status":"closed","template":"","meta":{"_et_pb_use_builder":"","_et_pb_old_content":"","_et_gb_content_width":""},"product_brand":[],"product_cat":[21],"product_tag":[],"class_list":{"0":"post-4827","1":"product","2":"type-product","3":"status-publish","4":"has-post-thumbnail","6":"product_cat-lotes","8":"first","9":"instock","10":"shipping-taxable","11":"purchasable","12":"product-type-simple"},"_links":{"self":[{"href":"https:\/\/lopezinmobiliaria.com\/index.php\/wp-json\/wp\/v2\/product\/4827","targetHints":{"allow":["GET"]}}],"collection":[{"href":"https:\/\/lopezinmobiliaria.com\/index.php\/wp-json\/wp\/v2\/product"}],"about":[{"href":"https:\/\/lopezinmobiliaria.com\/index.php\/wp-json\/wp\/v2\/types\/product"}],"replies":[{"embeddable":true,"href":"https:\/\/lopezinmobiliaria.com\/index.php\/wp-json\/wp\/v2\/comments?post=4827"}],"wp:featuredmedia":[{"embeddable":true,"href":"https:\/\/lopezinmobiliaria.com\/index.php\/wp-json\/wp\/v2\/media\/4829"}],"wp:attachment":[{"href":"https:\/\/lopezinmobiliaria.com\/index.php\/wp-json\/wp\/v2\/media?parent=4827"}],"wp:term":[{"taxonomy":"product_brand","embeddable":true,"href":"https:\/\/lopezinmobiliaria.com\/index.php\/wp-json\/wp\/v2\/product_brand?post=4827"},{"taxonomy":"product_cat","embeddable":true,"href":"https:\/\/lopezinmobiliaria.com\/index.php\/wp-json\/wp\/v2\/product_cat?post=4827"},{"taxonomy":"product_tag","embeddable":true,"href":"https:\/\/lopezinmobiliaria.com\/index.php\/wp-json\/wp\/v2\/product_tag?post=4827"}],"curies":[{"name":"wp","href":"https:\/\/api.w.org\/{rel}","templated":true}]}}