{"id":4799,"date":"2026-02-05T13:49:40","date_gmt":"2026-02-05T13:49:40","guid":{"rendered":"https:\/\/lopezinmobiliaria.com\/?post_type=product&#038;p=4799"},"modified":"2026-02-05T13:49:40","modified_gmt":"2026-02-05T13:49:40","slug":"vendo-casa-en-ascochinga-b-cerro-de-la-cruz","status":"publish","type":"product","link":"https:\/\/lopezinmobiliaria.com\/index.php\/producto\/vendo-casa-en-ascochinga-b-cerro-de-la-cruz\/","title":{"rendered":"Vendo casa en Ascochinga | B\u00b0 Cerro de la Cruz"},"content":{"rendered":"<div>-UBICACI\u00d3N:\u00a0Sobre ruta E-53, en Barrio Cerro de la Cruz. Excelente acceso y entorno natural.<\/div>\n<div>-SUPERFICIE DEL TERRENO:\u00a0Superficie total: 1.300 mts\u00b2, en su mayor\u00eda plano.<\/div>\n<div>El lote con la casa est\u00e1 cerrado con alambrado y tiene port\u00f3n de ingreso.<\/div>\n<div>-SUPERFICIE CUBIERTA: 95 mts\u00b2<\/div>\n<div>*Galer\u00eda chica en el ingreso.<\/div>\n<div>*Living comedor.<\/div>\n<div>*Cocina amoblada.<\/div>\n<div>*Ba\u00f1o amplio.<\/div>\n<div>*Dos habitaciones.<\/div>\n<div>*Espacio multiuso.<\/div>\n<div>*Patio interno.<\/div>\n<div>*Garaje con capacidad para un veh\u00edculo.<\/div>\n<div>*La casa fue completamente remodelada con materiales y artefactos nuevos.<\/div>\n<div>-SERVICIOS:\u00a0Luz y agua.<\/div>\n<div>-PAPELES:\u00a0Escritura perfecta.<\/div>\n<div>-PRECIO: USD 95.000<\/div>\n<div>Comun\u00edcate al 3525 646307 para m\u00e1s informaci\u00f3n o coordinar una visita<\/div>\n<div><\/div>\n","protected":false},"excerpt":{"rendered":"<p>-UBICACI\u00d3N:\u00a0Sobre ruta E-53, en Barrio Cerro de la Cruz. Excelente acceso y entorno natural. -SUPERFICIE DEL TERRENO:\u00a0Superficie total: 1.300 mts\u00b2, en su mayor\u00eda plano. El lote con la casa est\u00e1 cerrado con alambrado y tiene port\u00f3n de ingreso. -SUPERFICIE CUBIERTA: 95 mts\u00b2 *Galer\u00eda chica en el ingreso. *Living comedor. *Cocina amoblada. *Ba\u00f1o amplio. *Dos habitaciones. [&hellip;]<\/p>\n","protected":false},"featured_media":4803,"comment_status":"open","ping_status":"closed","template":"","meta":{"_et_pb_use_builder":"","_et_pb_old_content":"","_et_gb_content_width":""},"product_brand":[],"product_cat":[20],"product_tag":[],"class_list":{"0":"post-4799","1":"product","2":"type-product","3":"status-publish","4":"has-post-thumbnail","6":"product_cat-casas","8":"first","9":"instock","10":"shipping-taxable","11":"purchasable","12":"product-type-simple"},"_links":{"self":[{"href":"https:\/\/lopezinmobiliaria.com\/index.php\/wp-json\/wp\/v2\/product\/4799","targetHints":{"allow":["GET"]}}],"collection":[{"href":"https:\/\/lopezinmobiliaria.com\/index.php\/wp-json\/wp\/v2\/product"}],"about":[{"href":"https:\/\/lopezinmobiliaria.com\/index.php\/wp-json\/wp\/v2\/types\/product"}],"replies":[{"embeddable":true,"href":"https:\/\/lopezinmobiliaria.com\/index.php\/wp-json\/wp\/v2\/comments?post=4799"}],"wp:featuredmedia":[{"embeddable":true,"href":"https:\/\/lopezinmobiliaria.com\/index.php\/wp-json\/wp\/v2\/media\/4803"}],"wp:attachment":[{"href":"https:\/\/lopezinmobiliaria.com\/index.php\/wp-json\/wp\/v2\/media?parent=4799"}],"wp:term":[{"taxonomy":"product_brand","embeddable":true,"href":"https:\/\/lopezinmobiliaria.com\/index.php\/wp-json\/wp\/v2\/product_brand?post=4799"},{"taxonomy":"product_cat","embeddable":true,"href":"https:\/\/lopezinmobiliaria.com\/index.php\/wp-json\/wp\/v2\/product_cat?post=4799"},{"taxonomy":"product_tag","embeddable":true,"href":"https:\/\/lopezinmobiliaria.com\/index.php\/wp-json\/wp\/v2\/product_tag?post=4799"}],"curies":[{"name":"wp","href":"https:\/\/api.w.org\/{rel}","templated":true}]}}