{"id":4769,"date":"2026-02-05T12:50:16","date_gmt":"2026-02-05T12:50:16","guid":{"rendered":"https:\/\/lopezinmobiliaria.com\/?post_type=product&#038;p=4769"},"modified":"2026-02-05T12:50:16","modified_gmt":"2026-02-05T12:50:16","slug":"vendo-casa-en-las-vertientes-de-la-granja-av-los-fresnos","status":"publish","type":"product","link":"https:\/\/lopezinmobiliaria.com\/index.php\/producto\/vendo-casa-en-las-vertientes-de-la-granja-av-los-fresnos\/","title":{"rendered":"Vendo casa en Las Vertientes de La Granja | Av. Los Fresnos"},"content":{"rendered":"<p>VENDO CASA SOBRE AV. LOS FRESNOS &#8211; AMOBLADA!<\/p>\n<div>-Ubicaci\u00f3n: En Las Vertientes de La Granja, sobre ruta E-53.<\/div>\n<div>-SUP. CUBIERTA TOTAL: 72 mts cub.<\/div>\n<div>-Caracter\u00edsticas:<\/div>\n<div>*Galer\u00eda en el ingreso con capacidad para uno o dos veh\u00edculos.<\/div>\n<div>*Comedor con ventanales para disfrutar el paisaje.<\/div>\n<div>*living, con salamandra moderna<\/div>\n<div>*cocina amoblada<\/div>\n<div>*un ba\u00f1o completo y 2 dormitorios con placares empotrados en la pared.<\/div>\n<div>*otros datos para tener en cuenta: la casa tiene pileta, port\u00f3n de ingreso corredizo, termotanque solar, una cisterna, alarma e internet.<\/div>\n<div>-SUP. LOTE: son dos lotes que hacen una superficie de 1.700 mts2.<\/div>\n<div>-Escritura perfecta<\/div>\n<div>-Precio: USD 120.000<\/div>\n<div>para m\u00e1s informaci\u00f3n comun\u00edcate al 3525 646307.<\/div>\n<div><\/div>\n","protected":false},"excerpt":{"rendered":"<p>VENDO CASA SOBRE AV. LOS FRESNOS &#8211; AMOBLADA! -Ubicaci\u00f3n: En Las Vertientes de La Granja, sobre ruta E-53. -SUP. CUBIERTA TOTAL: 72 mts cub. -Caracter\u00edsticas: *Galer\u00eda en el ingreso con capacidad para uno o dos veh\u00edculos. *Comedor con ventanales para disfrutar el paisaje. *living, con salamandra moderna *cocina amoblada *un ba\u00f1o completo y 2 dormitorios [&hellip;]<\/p>\n","protected":false},"featured_media":4771,"comment_status":"open","ping_status":"closed","template":"","meta":{"_et_pb_use_builder":"","_et_pb_old_content":"","_et_gb_content_width":""},"product_brand":[],"product_cat":[20],"product_tag":[],"class_list":{"0":"post-4769","1":"product","2":"type-product","3":"status-publish","4":"has-post-thumbnail","6":"product_cat-casas","8":"first","9":"instock","10":"shipping-taxable","11":"purchasable","12":"product-type-simple"},"_links":{"self":[{"href":"https:\/\/lopezinmobiliaria.com\/index.php\/wp-json\/wp\/v2\/product\/4769","targetHints":{"allow":["GET"]}}],"collection":[{"href":"https:\/\/lopezinmobiliaria.com\/index.php\/wp-json\/wp\/v2\/product"}],"about":[{"href":"https:\/\/lopezinmobiliaria.com\/index.php\/wp-json\/wp\/v2\/types\/product"}],"replies":[{"embeddable":true,"href":"https:\/\/lopezinmobiliaria.com\/index.php\/wp-json\/wp\/v2\/comments?post=4769"}],"wp:featuredmedia":[{"embeddable":true,"href":"https:\/\/lopezinmobiliaria.com\/index.php\/wp-json\/wp\/v2\/media\/4771"}],"wp:attachment":[{"href":"https:\/\/lopezinmobiliaria.com\/index.php\/wp-json\/wp\/v2\/media?parent=4769"}],"wp:term":[{"taxonomy":"product_brand","embeddable":true,"href":"https:\/\/lopezinmobiliaria.com\/index.php\/wp-json\/wp\/v2\/product_brand?post=4769"},{"taxonomy":"product_cat","embeddable":true,"href":"https:\/\/lopezinmobiliaria.com\/index.php\/wp-json\/wp\/v2\/product_cat?post=4769"},{"taxonomy":"product_tag","embeddable":true,"href":"https:\/\/lopezinmobiliaria.com\/index.php\/wp-json\/wp\/v2\/product_tag?post=4769"}],"curies":[{"name":"wp","href":"https:\/\/api.w.org\/{rel}","templated":true}]}}