{"id":4580,"date":"2024-07-17T14:41:46","date_gmt":"2024-07-17T14:41:46","guid":{"rendered":"https:\/\/lopezinmobiliaria.com\/?post_type=product&#038;p=4580"},"modified":"2026-01-27T15:23:55","modified_gmt":"2026-01-27T15:23:55","slug":"vendo-casa-departamento-en-villa-animi-calle-ombu-b-selva-negra","status":"publish","type":"product","link":"https:\/\/lopezinmobiliaria.com\/index.php\/producto\/vendo-casa-departamento-en-villa-animi-calle-ombu-b-selva-negra\/","title":{"rendered":"VENDO CASA + DEPARTAMENTO EN VILLA ANIMI | calle Omb\u00fa B\u00b0 Selva Negra"},"content":{"rendered":"<ul>\n<li>UBICACION: Calle Omb\u00fa a 400 mts de la ruta E- 53. Villa Ani Mi. Barrio Selva Negra<\/li>\n<li>SUP. CUBIERTA TOTAL: 250 mts2.<\/li>\n<li>CARACTERISTICAS: <strong>Se trata de dos edificaciones:<\/strong><br \/>\n\u2714\ufe0f Casa principal de aproximadamente 190 metros cubiertos: <strong>Distribuci\u00f3n:<\/strong> cocina comedor amplia, en el caso de la cocina amoblada y con acceso a un lavadero y un ba\u00f1o. Living amplio y luminoso, dos habitaciones, ante ba\u00f1o y ba\u00f1o. Adem\u00e1s una galer\u00eda techada con capacidad para un veh\u00edculo y en un costado, un asador.\u00a0 Para calefaccionar cuenta con una moderna salamandra y calefactores a gas. Todas las ventanas y puertas ventanas tienen rejas. La vivienda tambien tiene 2 calefones el\u00e9ctricos.<br \/>\n\u2714\ufe0f Departamento: Compuesto por una cocina comedor, un ba\u00f1o y dos dormitorios. Construcci\u00f3n nueva con una superficie cubierta de 60 mts2.<\/li>\n<li>\u00a0DATOS A TENER EN CUENTA: La propiedad tiene 2 tanques de agua y una cisterna.<\/li>\n<li>SUP. LOTE: 820 mts2, lote\u00a0 plano por lo que se puede aprovechar completo, cerrado en su per\u00edmetro con alambrado, para su ingreso cuenta con un port\u00f3n de hierro.<\/li>\n<li>PAPELES: Escritura perfecta<\/li>\n<li>\u00a0PRECIO: USD 70.000<\/li>\n<li>\u00a0CONTACTO: 3525 646307.<\/li>\n<\/ul>\n","protected":false},"excerpt":{"rendered":"<p>UBICACION: Calle Omb\u00fa a 400 mts de la ruta E- 53. Villa Ani Mi. Barrio Selva Negra SUP. CUBIERTA TOTAL: 250 mts2. CARACTERISTICAS: Se trata de dos edificaciones: \u2714\ufe0f Casa principal de aproximadamente 190 metros cubiertos: Distribuci\u00f3n: cocina comedor amplia, en el caso de la cocina amoblada y con acceso a un lavadero y un [&hellip;]<\/p>\n","protected":false},"featured_media":4581,"comment_status":"open","ping_status":"closed","template":"","meta":{"_et_pb_use_builder":"","_et_pb_old_content":"","_et_gb_content_width":""},"product_brand":[],"product_cat":[20],"product_tag":[],"class_list":{"0":"post-4580","1":"product","2":"type-product","3":"status-publish","4":"has-post-thumbnail","6":"product_cat-casas","8":"first","9":"instock","10":"featured","11":"shipping-taxable","12":"purchasable","13":"product-type-simple"},"_links":{"self":[{"href":"https:\/\/lopezinmobiliaria.com\/index.php\/wp-json\/wp\/v2\/product\/4580","targetHints":{"allow":["GET"]}}],"collection":[{"href":"https:\/\/lopezinmobiliaria.com\/index.php\/wp-json\/wp\/v2\/product"}],"about":[{"href":"https:\/\/lopezinmobiliaria.com\/index.php\/wp-json\/wp\/v2\/types\/product"}],"replies":[{"embeddable":true,"href":"https:\/\/lopezinmobiliaria.com\/index.php\/wp-json\/wp\/v2\/comments?post=4580"}],"wp:featuredmedia":[{"embeddable":true,"href":"https:\/\/lopezinmobiliaria.com\/index.php\/wp-json\/wp\/v2\/media\/4581"}],"wp:attachment":[{"href":"https:\/\/lopezinmobiliaria.com\/index.php\/wp-json\/wp\/v2\/media?parent=4580"}],"wp:term":[{"taxonomy":"product_brand","embeddable":true,"href":"https:\/\/lopezinmobiliaria.com\/index.php\/wp-json\/wp\/v2\/product_brand?post=4580"},{"taxonomy":"product_cat","embeddable":true,"href":"https:\/\/lopezinmobiliaria.com\/index.php\/wp-json\/wp\/v2\/product_cat?post=4580"},{"taxonomy":"product_tag","embeddable":true,"href":"https:\/\/lopezinmobiliaria.com\/index.php\/wp-json\/wp\/v2\/product_tag?post=4580"}],"curies":[{"name":"wp","href":"https:\/\/api.w.org\/{rel}","templated":true}]}}